 to base 5
224412
-1203004 (base 5) to base 8
-53356
What is 32277 (base 8) in base 4?
3102333
-10011000010 (base 2) to base 11
-a08
-101111111110011 (base 2) to base 5
-1241223
Convert 22311 (base 4) to base 10.
693
Convert 444 (base 13) to base 3.
1000010
Convert 745 (base 11) to base 8.
1600
Convert -4015 (base 9) to base 6.
-21322
Convert -2d (base 14) to base 13.
-32
Convert 110 (base 9) to base 14.
66
What is 23b8 (base 14) in base 10?
6238
What is -200030 (base 4) in base 6?
-13312
What is -42314 (base 6) in base 15?
-1a74
What is 6777 (base 11) in base 3?
110020021
6782 (base 10) to base 12
3b12
330220 (base 4) to base 14
15b2
What is -220212 (base 3) in base 8?
-1237
Convert 33140 (base 5) to base 8.
4367
10112030 (base 5) to base 10
82140
34c (base 16) to base 14
444
What is -43765 (base 8) in base 3?
-221021021
1352101 (base 6) to base 14
20073
Convert 26782 (base 9) to base 3.
220212202
2120133 (base 4) to base 6
113103
3405 (base 13) to base 14
2916
What is a07b (base 14) in base 5?
1340144
What is -101014 (base 5) in base 14?
-128b
What is -2c2 (base 16) in base 4?
-23002
Convert -376 (base 9) to base 4.
-10320
Convert -11100000 (base 2) to base 15.
-ee
Convert -12122 (base 3) to base 11.
-129
What is -24e (base 15) in base 8?
-1014
Convert -106410 (base 7) to base 6.
-224140
-3832 (base 13) to base 14
-2ca4
131111 (base 6) to base 7
46522
Convert -7883 (base 11) to base 15.
-311b
-30032 (base 7) to base 8
-16072
What is -2a12 (base 11) in base 10?
-3885
What is -283 (base 9) in base 12?
-179
Convert -3263a (base 11) to base 9.
-71855
What is -6a9c (base 13) in base 3?
-202120121
104673 (base 8) to base 7
204540
517 (base 12) to base 7
2104
What is -223213 (base 4) in base 10?
-2791
What is -100000110001 (base 2) in base 3?
-2212200
What is 410 (base 10) in base 13?
257
What is -20301 (base 4) in base 10?
-561
2764 (base 10) to base 4
223030
What is 7bb (base 16) in base 9?
2638
-28b1 (base 13) to base 6
-43134
What is 1101100101110 (base 2) in base 7?
26200
What is 5399 (base 12) in base 15?
2ac9
11100010001110 (base 2) to base 8
34216
What is -16b (base 15) in base 5?
-2301
Convert 1000022 (base 3) to base 5.
10422
Convert 23314 (base 6) to base 7.
12535
What is -817 (base 9) in base 3?
-220121
Convert 520 (base 9) to base 6.
1543
-3de (base 16) to base 13
-5b2
What is 4302 (base 12) in base 6?
54002
Convert 113202 (base 4) to base 14.
798
What is 158 (base 12) in base 16?
d4
135124 (base 7) to base 12
12b14
What is -55b (base 15) in base 2?
-10010111011
2541 (base 8) to base 4
111201
What is 3342 (base 5) in base 8?
730
What is -547 (base 9) in base 6?
-2024
What is -19f4 (base 16) in base 15?
-1e7e
-305c (base 16) to base 13
-5834
584 (base 11) to base 12
4a1
2304 (base 11) to base 16
bd5
-18502 (base 10) to base 13
-8563
What is 1f1 (base 16) in base 2?
111110001
Convert 120200 (base 4) to base 16.
620
What is 1100001010 (base 2) in base 10?
778
Convert 5770 (base 9) to base 14.
17b5
What is 4208 (base 9) in base 14?
11a6
11313 (base 5) to base 6
3505
What is 31221 (base 5) in base 12?
1239
What is -2bae (base 15) in base 2?
-10010010101101
Convert 1211210202 (base 3) to base 14.
d336
What is 101011000010001 (base 2) in base 8?
53021
Convert a92 (base 14) to base 3.
2212100
Convert b909 (base 12) to base 14.
758d
Convert -587 (base 15) to base 6.
-5444
3606 (base 8) to base 5
30201
Convert -225404 (base 6) to base 7.
-110323
a9b (base 13) to base 8
3432
Convert -1e5 (base 16) to base 8.
-745
What is -3e (base 16) in base 10?
-62
Convert -1205 (base 9) to base 7.
-2420
What is -227 (base 10) in base 12?
-16b
Convert -14601 (base 7) to base 5.
-112233
-1100101010001 (base 2) to base 14
-250d
-1111110010001010 (base 2) to base 15
-14250
What is 24345 (base 8) in base 7?
42344
What is -b24 (base 13) in base 9?
-2528
What is -395b (base 12) in base 3?
-22222122
What is -124531 (base 6) in base 8?
-26247
Convert 12342 (base 9) to base 16.
206c
-11020012 (base 4) to base 16
-5206
1323303 (base 4) to base 16
1ef3
What is 31414 (base 6) in base 15?
13dd
Convert -33110 (base 5) to base 13.
-1065
What is 10001000101 (base 2) in base 14?
581
8428 (base 16) to base 5
2040312
Convert -12414 (base 11) to base 4.
-10112022
What is 269 (base 15) in base 10?
549
Convert 35022 (base 9) to base 2.
101101100110100
What is 44240 (base 8) in base 12?
a914
Convert 1e1 (base 16) to base 2.
111100001
32514 (base 6) to base 13
208c
What is 475 (base 10) in base 6?
2111
What is 201 (base 12) in base 11?
243
-35d (base 14) to base 15
-2eb
What is 1001211 (base 3) in base 16?
30a
3e92 (base 15) to base 11
a093
Convert -6aa8 (base 15) to base 5.
-1211113
Convert -753 (base 13) to base 10.
-1251
111110000 (base 2) to base 9
611
What is -704 (base 9) in base 11?
-47a
-1627 (base 9) to base 10
-1240
Convert 13430 (base 5) to base 13.
67a
-597 (base 11) to base 4
-23013
Convert -91a (base 11) to base 9.
-1463
1010010100 (base 2) to base 9
813
Convert -2178 (base 16) to base 3.
-102202100
Convert -33133 (base 4) to base 2.
-1111011111
a18 (base 16) to base 8
5030
What is -2372 (base 13) in base 12?
-2a82
b87 (base 12) to base 4
122113
-34043 (base 6) to base 10
-4779
2371 (base 11) to base 16
c1f
Convert -52225 (base 6) to base 11.
-5295
What is -1001001100001 (base 2) in base 14?
-1a01
Convert 11100010000 (base 2) to base 12.
1068
-10110121 (base 4) to base 9
-26234
5ce (base 15) to base 2
10100100111
101031 (base 5) to base 15
e7b
What is 100100000000 (base 2) in base 3?
10011100
130121 (base 4) to base 7
5204
Convert 334 (base 11) to base 9.
484
Convert -25bd (base 16) to base 3.
-111020211
42f3 (base 16) to base 4
10023303
What is -2501 (base 8) in base 7?
-3631
Convert -34516 (base 8) to base 7.
-60525
27a (base 12) to base 4
11332
4836 (base 13) to base 6
115053
Convert 232220 (base 4) to base 5.
43414
What is 2281 (base 12) in base 2?
111100000001
3f0 (base 16) to base 3
1101100
What is 1048 (base 9) in base 12?
545
What is 46115 (base 7) in base 4?
2313023
-1750 (base 14) to base 13
-1ba0
What is -10111110011 (base 2) in base 14?
-7ab
Convert 100001100 (base 2) to base 13.
178
What is 12311 (base 4) in base 13?
278
Convert -499 (base 12) to base 15.
-313
23a2 (base 14) to base 16
184a
What is -1706 (base 8) in base 12?
-686
What is -1105 (base 8) in base 9?
-715
What is 40b (base 13) in base 9?
843
Convert 560 (base 8) to base 14.
1c4
What is 1320110 (base 4) in base 9?
11505
Convert 3332 (base 4) to base 14.
142
-1a673 (base 15) to base 9
-140660
Convert 11121002 (base 3) to base 11.
2576
What is -4154 (base 7) in base 4?
-112310
Convert -26200 (base 7) to base 4.
-1230232
What is -1010000010 (base 2) in base 11?
-534
-1110 (base 5) to base 4
-2123
2522 (base 6) to base 13
392
Convert -1100010110101 (base 2) to base 14.
-243b
Convert 402 (base 15) to base 13.
545
What is 3455 (base 8) in base 10?
1837
Convert 1111111 (base 2) to base 9.
151
-689 (base 12) to base 2
-1111001001
339b9 (base 12) to base 10
68829
What is -167 (base 14) in base 4?
-10133
Convert 101101001001 (base 2) to base 3.
10222000
What is -29b5 (base 13) in base 3?
-22022120
-37 (base 15) to base 5
-202
Convert -51 (base 14) to base 15.
-4b
-301 (base 15) to base 13
-400
-2474 (base 10) to base 2
-100110101010
Convert 1289 (base 12) to base 9.
2816
34744 (base 8) to base 2
11100111100100
Convert a850 (base 15) to base 2.
1000101100101001
Convert -7694 (base 10) to base 3.
-101112222
What is 193 (base 16) in base 12?
297
What is 1110 (base 2) in base 11?
13
What is 2638 (base 9) in base 2?
11110111011
7aa (base 15) to base 7
5026
Convert -397 (base 15) to base 6.
-3441
Convert -1eb0 (base 15) to base 10.
-6690
What is 101101001 (base 2) in base 14?
1bb
-131025 (base 6) to base 10
-11897
-3867 (base 12) to base 2
-1100100001111
What is 5062 (base 8) in base 13?
125a
-5305 (base 8) to base 2
-101011000101
Convert -1085 (base 11) to base 15.
-64e
2030 (base 7) to base 12
4ab
Convert 101101110011 (base 2) to base 10.
2931
What is 72 (base 16) in base 13?
8a
What is -1211002 (base 3) in base 5?
-20300
Convert -423 (base 7) to base 16.
-d5
What is -27476 (base 10) in base 8?
-65524
1300 (base 6) to base 8
504
What is -101000201 (base 3) in base 11?
-5545
What is 37c5 (base 13) in base 